4 a multiple of 92?
True
Is 161376 a multiple of 48?
True
Is 525 a factor of 5914620?
False
Is 9 a factor of 3527460?
True
Does 685 divide 833875?
False
Is 5049283 a multiple of 2?
False
Does 249 divide 96612?
True
Does 229 divide 456855?
True
Is 4430560 a multiple of 5?
True
Does 14 divide 34211?
False
Is 353 a factor of 10225728?
False
Does 19 divide 707741?
False
Is 63900 a multiple of 45?
True
Is 14355950 a multiple of 11?
False
Is 51 a factor of 7227516?
True
Does 60 divide 444420?
True
Is 8 a factor of 369864?
True
Does 165 divide 414645?
True
Is 403 a factor of 1154998?
True
Is 79464 a multiple of 88?
True
Is 26 a factor of 136069?
False
Is 112860 a multiple of 135?
True
Does 7 divide 61376?
True
Is 44709 a multiple of 5?
False
Does 62 divide 89962?
True
Does 22 divide 7440906?
True
Is 167295 a multiple of 19?
True
Does 15 divide 1166911?
False
Is 317603 a multiple of 29?
False
Is 9074 a multiple of 6?
False
Is 573 a factor of 123195?
True
Is 184535 a multiple of 85?
True
Is 9888060 a multiple of 14?
True
Is 70 a factor of 2685112?
False
Is 793 a factor of 907498?
False
Is 674592 a multiple of 16?
True
Is 737760 a multiple of 240?
True
Is 8591562 a multiple of 382?
True
Is 895251 a multiple of 25?
False
Is 79 a factor of 286665?
False
Is 1790100 a multiple of 585?
True
Is 15919 a multiple of 264?
False
Is 31 a factor of 7076277?
True
Is 515 a factor of 1966270?
True
Is 88 a factor of 2729066?
False
Is 1038355 a multiple of 180?
False
Is 2 a factor of 30712?
True
Is 7 a factor of 484736?
True
Does 299 divide 114218?
True
Is 19 a factor of 1057217?
True
Does 37 divide 318456?
False
Is 65 a factor of 338120?
False
Is 5 a factor of 14620?
True
Is 21 a factor of 3638418?
True
Is 448 a factor of 1460928?
True
Is 28074587 a multiple of 19?
False
Does 349 divide 356329?
True
Is 13803000 a multiple of 1284?
True
Is 3 a factor of 1738969?
False
Is 760505 a multiple of 89?
True
Is 10200 a multiple of 75?
True
Does 228 divide 1198824?
True
Is 1688850 a multiple of 27?
True
Is 13 a factor of 17983320?
False
Is 343 a factor of 7319620?
True
Does 474 divide 6694924?
False
Does 56 divide 1792?
True
Does 9 divide 87456?
False
Is 1284083 a multiple of 196?
False
Is 981223 a multiple of 17?
True
Is 46 a factor of 26430610?
False
Does 73 divide 43332?
False
Is 1871675 a multiple of 443?
True
Is 8512875 a multiple of 35?
True
Is 2540592 a multiple of 16?
True
Is 176 a factor of 99517?
False
Does 1361 divide 13026131?
True
Is 3148996 a multiple of 27?
False
Is 75 a factor of 3076125?
True
Is 2 a factor of 12880?
True
Does 23 divide 912249?
True
Does 84 divide 223776?
True
Is 4842363 a multiple of 8?
False
Is 386 a factor of 460696?
False
Does 117 divide 1551629?
False
Is 389025 a multiple of 10?
False
Is 813880 a multiple of 10?
True
Is 498 a factor of 253482?
True
Is 7489 a multiple of 41?
False
Is 58536 a multiple of 95?
False
Is 5 a factor of 10535?
True
Does 44 divide 3104388?
False
Does 56 divide 158536?
True
Is 608481 a multiple of 38?
False
Is 177 a factor of 322491?
False
Is 13874377 a multiple of 13?
False
Is 6 a factor of 848100?
True
Is 336280 a multiple of 280?
True
Does 40 divide 1040840?
True
Is 118 a factor of 17372?
False
Is 186536 a multiple of 14?
True
Does 19 divide 1442366?
True
Is 502 a factor of 529421?
False
Is 1004 a factor of 1297168?
True
Is 17 a factor of 556720?
False
Does 19 divide 1230212?
True
Is 2986430 a multiple of 365?
True
Is 2779882 a multiple of 17?
False
Does 82 divide 97826?
True
Is 454006 a multiple of 229?
False
Is 25 a factor of 99000?
True
Is 700331 a multiple of 2?
False
Is 167259 a multiple of 280?
False
Is 927 a factor of 2269296?
True
Is 2177409 a multiple of 7?
False
Is 114040 a multiple of 9?
False
Is 175863 a multiple of 11?
False
Is 1556 a multiple of 2?
True
Is 705 a factor of 2805900?
True
Is 8617401 a multiple of 39?
True
Does 7 divide 149498?
False
Does 30 divide 57165?
False
Is 125 a factor of 552847?
False
Is 594030 a multiple of 2?
True
Is 627732 a multiple of 14?
True
Does 19 divide 377597?
False
Does 24 divide 1574272?
False
Is 602784 a multiple of 104?
True
Is 3514068 a multiple of 12?
True
Does 2 divide 27542?
True
Is 11 a factor of 2674320?
True
Is 91 a factor of 317863?
True
Is 298 a factor of 1130958?
False
Is 531061 a multiple of 40?
False
Is 175337 a multiple of 11?
False
Is 87 a factor of 483285?
True
Is 175107 a multiple of 230?
False
Is 7 a factor of 223195?
True
Does 14 divide 1504252?
False
Is 537495 a multiple of 2?
False
Is 1098 a factor of 1943460?
True
Is 152 a factor of 152723?
False
Does 213 divide 7582815?
False
Is 9 a factor of 298564?
False
Does 62 divide 12338?
True
Is 116 a factor of 3672254?
False
Does 805 divide 710010?
True
Does 121 divide 1695006?
False
Is 88 a factor of 1646920?
True
Does 154 divide 3813194?
True
Is 58 a factor of 382185?
False
Is 78 a factor of 998008?
False
Is 68 a factor of 570044?
True
Does 25 divide 816697?
False
Is 51 a factor of 346804?
False
Is 484 a factor of 6488163?
False
Does 20 divide 12986080?
True
Does 28 divide 1340632?
False
Is 2544085 a multiple of 5?
True
Is 75321 a multiple of 334?
False
Is 5 a factor of 3823093?
False
Is 29 a factor of 25115?
False
Is 1146163 a multiple of 66?
False
Is 7421877 a multiple of 903?
False
Is 2176239 a multiple of 173?
False
Is 614 a factor of 160877?
False
Is 16 a factor of 17137696?
True
Is 621 a factor of 1379822?
False
Is 335 a factor of 123352?
False
Does 11 divide 21252?
True
Is 137 a factor of 5080625?
False
Is 209475 a multiple of 23?
False
Is 46629 a multiple of 27?
True
Is 6329401 a multiple of 53?
False
Is 168907 a multiple of 17?
False
Does 5 divide 5326963?
False
Does 133 divide 50806?
True
Is 11 a factor of 874511?
True
Is 46 a factor of 52874?
False
Does 60 divide 169477?
False
Is 7967 a multiple of 7?
False
Is 15 a factor of 4185631?
False
Is 239 a factor of 3199373?
False
Does 33 divide 10073943?
True
Is 4440438 a multiple of 258?
True
Is 118 a factor of 881748?
False
Is 114350 a multiple of 15?
False
Does 380 divide 105759?
False
Is 1472085 a multiple of 157?
False
Does 1600 divide 21291374?
False
Is 11 a factor of 140162?
True
Is 3497409 a multiple of 403?
False
Does 74 divide 2638026?
True
Is 15 a factor of 1512105?
True
Does 4 divide 162048?
True
Is 249 a factor of 146910?
True
Is 82584 a multiple of 9?
True
Is 5062638 a multiple of 100?
False
Is 14883 a multiple of 41?
True
Is 63 a factor of 567882?
True
Does 33 divide 10194822?
True
Is 9 a factor of 159421?
False
Is 63 a factor of 64776?
False
Is 255873 a multiple of 201?
True
Is 717 a factor of 11806540?
False
Is 9 a factor of 328830?
False
Is 149 a factor of 88048?
False
Does 80 divide 1054512?
False
Is 16 a factor of 261423?
False
Does 12 divide 296580?
True
Is 2217456 a multiple of 6?
True
Is 167 a factor of 577393?
False
Is 126500 a multiple of 11?
True
Does 35 divide 395535?
True
Is 994209 a multiple of 216?
False
Is 4 a factor of 25572?
True
Is 18 a factor of 321354?
True
Is 20 a factor of 29567?
False
Is 14426424 a multiple of 149?
False
Is 442941 a multiple of 248?
False
Is 1243194 a multiple of 1377?
False
Is 943690 a multiple of 253?
True
Is 454889 a multiple of 13?
False
Is 47 a factor of 364344?
True
Is 35371 a multiple of 7?
True
Is 940 a factor of 846000?
True
Does 43 divide 22790?
True
Is 982361 a multiple of 188?
False
Does 382 divide 95500?
True
Is 2097786 a multiple of 21?
False
Is 677672 a multiple of 127?
True
Is 210113 a multiple of 82?
False
Is 7206 a multiple of 6?
True
Is 39 a factor of 11536776?
False
Is 1228 a factor of 2643884?
True
Does 43 divide 12341?
True
Does 86 divide 30770630?
False
Is 293414 a multiple of 22?
True
Does 18 divide 78734?
False
Does 21 divide 724548?
False
Is 40501 a multiple of 6?
False
Is 368232 a multiple of 687?
True
Is 142199 a multiple of 53?
True
Does 6 divide 844122?
True
Does 425 divide 4501600?
True
Does 93 divide 10935270?
False
Is 452251 a multiple of 49?
False
Is 9122364 a multiple of 1494?
True
Is 54 a factor of 21526398?
True
Is 20 a factor of 826960?
True
Does 124 divide 356118?
False
Is 16 a factor of 334927?
False
Does 18 divide 1073682?
True
Is 42 a factor of 54558?
True
Is 44 a factor of 17367342?
False
Is 3318231 a multiple of 902?
False
Is 1609536 a multipl